{"id":5093,"date":"2025-12-30T21:04:34","date_gmt":"2025-12-30T21:04:34","guid":{"rendered":"https:\/\/www.isoc.cl\/?page_id=5093"},"modified":"2026-01-02T20:29:55","modified_gmt":"2026-01-02T20:29:55","slug":"plan-de-accion","status":"publish","type":"page","link":"https:\/\/www.isoc.cl\/?page_id=5093","title":{"rendered":"Plan de Acci\u00f3n"},"content":{"rendered":"\n<p class=\"plan-accion-intro\">\n    El per\u00edodo enero 2026 &#8211; agosto 2027 representa una etapa decisiva para ISOC Chile: reorganizar su estructura, fortalecer comunidad, consolidar presencia t\u00e9cnica y convertirse en un actor influyente en pol\u00edticas p\u00fablicas digitales. Como parte de su Plan de acci\u00f3n 2025-2027 el actual Directorio identific\u00f3 cuatro ejes estrat\u00e9gicos:\n<\/p>\n\n<div class=\"plan-accion-grid\">\n\n    <div class=\"tarjeta-eje\">\n        <div class=\"eje-number\">\n            <svg version=\"1.1\" viewBox=\"0 0 43.026669 127.16\" xmlns=\"http:\/\/www.w3.org\/2000\/svg\">\n                <path d=\"M 22.6836,741 2.68359,775.637 c -5.52343,9.566 -2.24609,21.801 7.32031,27.324 L 266.516,951.055 c 9.562,5.523 21.797,2.246 27.32,-7.321 l 20,-34.636 c 5.519,-9.567 2.242,-21.797 -7.32,-27.321 L 50.0039,733.68 C 40.4375,728.16 28.207,731.438 22.6836,741\" style=\"fill:#3A82E4;fill-opacity:1;fill-rule:nonzero;stroke:none\" transform=\"matrix(0.13333333,0,0,-0.13333333,0,127.16)\" \/>\n                <path d=\"M 242.727,773.402 V 20 c 0,-11.04687 8.953,-20 20,-20 h 40 c 11.046,0 20,8.95313 20,20 v 800 c 0,7.699 -8.332,6.328 -15,2.48 l -55,-31.753 c -6.188,-3.575 -10,-10.176 -10,-17.325\" style=\"fill:#0c1c2c;fill-opacity:1;fill-rule:nonzero;stroke:none\" transform=\"matrix(0.13333333,0,0,-0.13333333,0,127.16)\" \/>\n            <\/svg>\n        <\/div>\n        <div class=\"eje-content\">\n            <h3>Articulaci\u00f3n y fortalecimiento comunitario<\/h3>\n            <ul>\n                <li>Reactivar y estructurar la comunidad ISOC Chile.<\/li>\n                <li>Generar espacios de encuentro t\u00e9cnico y normativo.<\/li>\n                <li>Diversificar el perfil de soci@s (descentralizando e incluyendo m\u00e1s juventudes, mujeres y diversidades).<\/li>\n                <li>Desarrollar liderazgo y capacidades internas.<\/li>\n            <\/ul>\n        <\/div>\n    <\/div>\n\n    <div class=\"tarjeta-eje\">\n        <div class=\"eje-number\">\n            <svg version=\"1.1\" viewBox=\"0 0 72 130.70667\" xmlns=\"http:\/\/www.w3.org\/2000\/svg\">\n                <path d=\"m 34.3203,821.035 34.25,-20.707 c 9.1289,-5.519 20.8438,-2.828 26.9141,5.945 31.8746,46.055 84.3316,94.032 164.5156,94.032 69.426,0 129.641,-37.418 159.625,-91.989 5.484,-9.98 18.461,-13.015 28.219,-7.144 l 33.894,20.383 c 9.227,5.547 12.512,17.465 7.25,26.859 C 445.063,926.852 358.922,980.305 260,980.305 c -92.664,0 -174.3242,-46.278 -231.9102,-130.86 -6.4531,-9.472 -3.5781,-22.48 6.2305,-28.41\" style=\"fill:#3A82E4;fill-opacity:1;fill-rule:nonzero;stroke:none\" transform=\"matrix(0.13333333,0,0,-0.13333333,0,130.70667)\" \/>\n                <path d=\"M 520,80 H 85.625 L 411.762,494.512 C 478.586,583.574 520,653.906 520,730 c 0,3.137 -0.062,6.414 -0.187,9.523 -0.618,15.34 -17.176,24.586 -30.333,16.672 l -40.691,-24.472 c -5.32,-3.2 -8.906,-8.664 -9.519,-14.836 -4.332,-43.68 -30.454,-93.008 -90.942,-173.633 L 4.28125,105.988 C 1.50781,102.465 0,94.4844 0,90 V 20 C 0,8.95313 8.95313,0 20,0 h 500 c 11.047,0 20,8.95313 20,20 v 40 c 0,11.0469 -8.953,20 -20,20\" style=\"fill:#0c1c2c;fill-opacity:1;fill-rule:nonzero;stroke:none\" transform=\"matrix(0.13333333,0,0,-0.13333333,0,130.70667)\" \/>\n            <\/svg>\n        <\/div>\n        <div class=\"eje-content\">\n            <h3>Internet abierta y desarrollo t\u00e9cnico<\/h3>\n            <ul>\n                <li>Promover est\u00e1ndares abiertos, resiliencia y buenas pr\u00e1cticas t\u00e9cnicas.<\/li>\n                <li>Generar conocimiento t\u00e9cnico accesible para comunidades y tomadores de decisi\u00f3n.<\/li>\n                <li>Contribuir a pilotos de conectividad y diagn\u00f3sticos de infraestructura.<\/li>\n            <\/ul>\n        <\/div>\n    <\/div>\n\n    <div class=\"tarjeta-eje\">\n        <div class=\"eje-number\">\n            <svg version=\"1.1\" viewBox=\"0 0 75.186668 133.33333\" xmlns=\"http:\/\/www.w3.org\/2000\/svg\">\n                <path d=\"m 28.2109,840.117 34.5977,-20.222 c 9.0586,-5.297 20.6016,-2.618 26.5508,6.027 C 130.68,885.957 193.383,920 263.93,920 c 74.742,0 137.953,-37.906 169.101,-94.379 5.543,-10.051 17.969,-13.937 27.879,-8.144 l 34.856,20.375 c 9.343,5.461 12.746,17.421 7.519,26.902 C 458.578,945.824 369.203,1000 263.93,1000 166.684,1000 77.5547,951.262 21.6523,868.578 c -6.4609,-9.555 -3.3984,-22.64 6.5586,-28.461\" style=\"fill:#3A82E4;fill-opacity:1;fill-rule:nonzero;stroke:none\" transform=\"matrix(0.13333333,0,0,-0.13333333,0,133.33333)\" \/>\n                <path d=\"M 404.902,532.387 C 477.164,577.688 533.93,655.227 533.93,745 c 0,4.023 -0.098,8.02 -0.293,11.992 -0.723,14.832 -17.242,23.418 -30.067,15.922 l -40.742,-23.816 c -5.578,-3.262 -8.906,-9.16 -9.344,-15.61 C 447.246,640.93 366.266,570 263.93,570 h -30 c -11.047,0 -20.016,-8.953 -20.016,-20 v -40 c 0,-11.047 8.969,-20 20.016,-20 h 30 c 125.422,0 219.988,-93.137 219.988,-210 0,-116.863 -94.566,-200 -219.988,-200 -81.129,0 -152.598,37.914 -190.8792,100.066 -5.4219,8.801 -16.5586,12.106 -25.8281,7.532 L 11.2188,169.82 C 0.785156,164.672 -3.16797,151.672 2.77734,141.676 55.0508,53.7617 153.152,0 263.93,0 c 168.222,0 299.988,130.188 299.988,290 0,107.148 -69.273,193.664 -159.016,242.387\" style=\"fill:#0c1c2c;fill-opacity:1;fill-rule:nonzero;stroke:none\" transform=\"matrix(0.13333333,0,0,-0.13333333,0,133.33333)\" \/>\n            <\/svg>\n        <\/div>\n        <div class=\"eje-content\">\n            <h3>Incidencia en pol\u00edticas p\u00fablicas<\/h3>\n            <ul>\n                <li>Posicionar al cap\u00edtulo como actor t\u00e9cnico independiente.<\/li>\n                <li>Aportar evidencia y est\u00e1ndares a debates regulatorios estrat\u00e9gicos.<\/li>\n                <li>Facilitar espacios de di\u00e1logo entre t\u00e9cnica, academia, Estado y sociedad civil.<\/li>\n            <\/ul>\n        <\/div>\n    <\/div>\n\n    <div class=\"tarjeta-eje\">\n        <div class=\"eje-number\">\n            <svg version=\"1.1\" viewBox=\"0 0 90.666664 135.02667\" xmlns=\"http:\/\/www.w3.org\/2000\/svg\">\n                <path d=\"m 480,380.027 h 40 c 11.047,0 20,8.953 20,20 v 199.45 c 0,11.289 -8.707,20.527 -20,20.527 h -40 c -11.047,0 -20,-8.953 -20,-20 V 400.027 c 0,-11.047 8.953,-20 20,-20\" style=\"fill:#3A82E4;fill-opacity:1;fill-rule:nonzero;stroke:none\" transform=\"matrix(0.13333333,0,0,-0.13333333,0,135.02667)\" \/>\n                <path d=\"M 660,320.004 H 100 l 361.852,642.637 c 5.511,9.652 2.101,21.945 -7.598,27.375 l -36.02,20.164 c -9.566,5.36 -21.664,2.01 -27.121,-7.5 L 2.64453,324.621 C 0.914063,321.598 0,313.492 0,310.004 v -50 c 0,-11.047 8.95313,-20 20,-20 H 460 V 20.0039 C 460,8.96094 468.953,0 480,0 h 40 c 11.047,0 20,8.96094 20,20.0039 V 240.004 h 120 c 11.047,0 20,8.953 20,20 v 40 c 0,11.047 -8.953,20 -20,20\" style=\"fill:#0c1c2c;fill-opacity:1;fill-rule:nonzero;stroke:none\" transform=\"matrix(0.13333333,0,0,-0.13333333,0,135.02667)\" \/>\n            <\/svg>\n        <\/div>\n        <div class=\"eje-content\">\n            <h3>Sostenibilidad y alianzas<\/h3>\n            <ul>\n                <li>Garantizar continuidad operativa mediante financiamiento diversificado.<\/li>\n                <li>Establecer alianzas t\u00e9cnicas, acad\u00e9micas y sociales de largo plazo.<\/li>\n                <li>Diversificar el perfil de soci@s de ISOC Chile.<\/li>\n                <li>Acceder a fondos y programas globales de ISOC.<\/li>\n            <\/ul>\n        <\/div>\n    <\/div>\n\n<\/div>\n","protected":false},"excerpt":{"rendered":"<p>El per\u00edodo enero 2026 &#8211; agosto 2027 representa una etapa decisiva para ISOC Chile: reorganizar su estructura, fortalecer comunidad, consolidar presencia t\u00e9cnica y convertirse en un actor influyente en pol\u00edticas p\u00fablicas digitales. Como parte de su Plan de acci\u00f3n 2025-2027 el actual Directorio identific\u00f3 cuatro ejes estrat\u00e9gicos: Articulaci\u00f3n y fortalecimiento comunitario Reactivar y estructurar la [&hellip;]<\/p>\n","protected":false},"author":8,"featured_media":4150,"parent":0,"menu_order":0,"comment_status":"closed","ping_status":"closed","template":"pagina-interna-isoc-2025","meta":{"footnotes":""},"class_list":["post-5093","page","type-page","status-publish","has-post-thumbnail","hentry"],"yoast_head":"<!-- This site is optimized with the Yoast SEO plugin v26.8 - https:\/\/yoast.com\/product\/yoast-seo-wordpress\/ -->\n<title>Plan de Acci\u00f3n &#8212; Internet Society Capitulo Chile \u00a9 2024<\/title>\n<meta name=\"robots\" content=\"index, follow, max-snippet:-1, max-image-preview:large, max-video-preview:-1\" \/>\n<link rel=\"canonical\" href=\"https:\/\/www.isoc.cl\/?page_id=5093\" \/>\n<meta property=\"og:locale\" content=\"es_ES\" \/>\n<meta property=\"og:type\" content=\"article\" \/>\n<meta property=\"og:title\" content=\"Plan de Acci\u00f3n &#8212; Internet Society Capitulo Chile \u00a9 2024\" \/>\n<meta property=\"og:description\" content=\"El per\u00edodo enero 2026 &#8211; agosto 2027 representa una etapa decisiva para ISOC Chile: reorganizar su estructura, fortalecer comunidad, consolidar presencia t\u00e9cnica y convertirse en un actor influyente en pol\u00edticas p\u00fablicas digitales. Como parte de su Plan de acci\u00f3n 2025-2027 el actual Directorio identific\u00f3 cuatro ejes estrat\u00e9gicos: Articulaci\u00f3n y fortalecimiento comunitario Reactivar y estructurar la [&hellip;]\" \/>\n<meta property=\"og:url\" content=\"https:\/\/www.isoc.cl\/?page_id=5093\" \/>\n<meta property=\"og:site_name\" content=\"Internet Society Capitulo Chile \u00a9 2024\" \/>\n<meta property=\"article:publisher\" content=\"https:\/\/facebook.com\/InternetSocietyCapituloChile\" \/>\n<meta property=\"article:modified_time\" content=\"2026-01-02T20:29:55+00:00\" \/>\n<meta property=\"og:image\" content=\"https:\/\/www.isoc.cl\/wp-content\/uploads\/2022\/05\/fondo_antena_azul.jpg\" \/>\n\t<meta property=\"og:image:width\" content=\"1035\" \/>\n\t<meta property=\"og:image:height\" content=\"723\" \/>\n\t<meta property=\"og:image:type\" content=\"image\/jpeg\" \/>\n<meta name=\"twitter:card\" content=\"summary_large_image\" \/>\n<meta name=\"twitter:site\" content=\"@isoc_chile\" \/>\n<meta name=\"twitter:label1\" content=\"Tiempo estimado de lectura\" \/>\n\t<meta name=\"twitter:data1\" content=\"2 minutos\" \/>\n<script type=\"application\/ld+json\" class=\"yoast-schema-graph\">{\"@context\":\"https:\/\/schema.org\",\"@graph\":[{\"@type\":\"WebPage\",\"@id\":\"https:\/\/www.isoc.cl\/?page_id=5093\",\"url\":\"https:\/\/www.isoc.cl\/?page_id=5093\",\"name\":\"Plan de Acci\u00f3n &#8212; Internet Society Capitulo Chile \u00a9 2024\",\"isPartOf\":{\"@id\":\"https:\/\/www.isoc.cl\/#website\"},\"primaryImageOfPage\":{\"@id\":\"https:\/\/www.isoc.cl\/?page_id=5093#primaryimage\"},\"image\":{\"@id\":\"https:\/\/www.isoc.cl\/?page_id=5093#primaryimage\"},\"thumbnailUrl\":\"https:\/\/www.isoc.cl\/wp-content\/uploads\/2022\/05\/fondo_antena_azul.jpg\",\"datePublished\":\"2025-12-30T21:04:34+00:00\",\"dateModified\":\"2026-01-02T20:29:55+00:00\",\"breadcrumb\":{\"@id\":\"https:\/\/www.isoc.cl\/?page_id=5093#breadcrumb\"},\"inLanguage\":\"es-CL\",\"potentialAction\":[{\"@type\":\"ReadAction\",\"target\":[\"https:\/\/www.isoc.cl\/?page_id=5093\"]}]},{\"@type\":\"ImageObject\",\"inLanguage\":\"es-CL\",\"@id\":\"https:\/\/www.isoc.cl\/?page_id=5093#primaryimage\",\"url\":\"https:\/\/www.isoc.cl\/wp-content\/uploads\/2022\/05\/fondo_antena_azul.jpg\",\"contentUrl\":\"https:\/\/www.isoc.cl\/wp-content\/uploads\/2022\/05\/fondo_antena_azul.jpg\",\"width\":1035,\"height\":723},{\"@type\":\"BreadcrumbList\",\"@id\":\"https:\/\/www.isoc.cl\/?page_id=5093#breadcrumb\",\"itemListElement\":[{\"@type\":\"ListItem\",\"position\":1,\"name\":\"Portada\",\"item\":\"https:\/\/www.isoc.cl\/\"},{\"@type\":\"ListItem\",\"position\":2,\"name\":\"Plan de Acci\u00f3n\"}]},{\"@type\":\"WebSite\",\"@id\":\"https:\/\/www.isoc.cl\/#website\",\"url\":\"https:\/\/www.isoc.cl\/\",\"name\":\"Internet Society Capitulo Chile\",\"description\":\"ISOC CHILE\",\"publisher\":{\"@id\":\"https:\/\/www.isoc.cl\/#organization\"},\"alternateName\":\"ISOC Chile\",\"potentialAction\":[{\"@type\":\"SearchAction\",\"target\":{\"@type\":\"EntryPoint\",\"urlTemplate\":\"https:\/\/www.isoc.cl\/?s={search_term_string}\"},\"query-input\":{\"@type\":\"PropertyValueSpecification\",\"valueRequired\":true,\"valueName\":\"search_term_string\"}}],\"inLanguage\":\"es-CL\"},{\"@type\":\"Organization\",\"@id\":\"https:\/\/www.isoc.cl\/#organization\",\"name\":\"Internet Society Capitulo Chile\",\"url\":\"https:\/\/www.isoc.cl\/\",\"logo\":{\"@type\":\"ImageObject\",\"inLanguage\":\"es-CL\",\"@id\":\"https:\/\/www.isoc.cl\/#\/schema\/logo\/image\/\",\"url\":\"https:\/\/www.isoc.cl\/wp-content\/uploads\/2022\/05\/cropped-faviconV2.png\",\"contentUrl\":\"https:\/\/www.isoc.cl\/wp-content\/uploads\/2022\/05\/cropped-faviconV2.png\",\"width\":512,\"height\":512,\"caption\":\"Internet Society Capitulo Chile\"},\"image\":{\"@id\":\"https:\/\/www.isoc.cl\/#\/schema\/logo\/image\/\"},\"sameAs\":[\"https:\/\/facebook.com\/InternetSocietyCapituloChile\",\"https:\/\/x.com\/isoc_chile\",\"https:\/\/www.linkedin.com\/in\/internet-society-chile\/\"]}]}<\/script>\n<!-- \/ Yoast SEO plugin. -->","yoast_head_json":{"title":"Plan de Acci\u00f3n &#8212; Internet Society Capitulo Chile \u00a9 2024","robots":{"index":"index","follow":"follow","max-snippet":"max-snippet:-1","max-image-preview":"max-image-preview:large","max-video-preview":"max-video-preview:-1"},"canonical":"https:\/\/www.isoc.cl\/?page_id=5093","og_locale":"es_ES","og_type":"article","og_title":"Plan de Acci\u00f3n &#8212; Internet Society Capitulo Chile \u00a9 2024","og_description":"El per\u00edodo enero 2026 &#8211; agosto 2027 representa una etapa decisiva para ISOC Chile: reorganizar su estructura, fortalecer comunidad, consolidar presencia t\u00e9cnica y convertirse en un actor influyente en pol\u00edticas p\u00fablicas digitales. Como parte de su Plan de acci\u00f3n 2025-2027 el actual Directorio identific\u00f3 cuatro ejes estrat\u00e9gicos: Articulaci\u00f3n y fortalecimiento comunitario Reactivar y estructurar la [&hellip;]","og_url":"https:\/\/www.isoc.cl\/?page_id=5093","og_site_name":"Internet Society Capitulo Chile \u00a9 2024","article_publisher":"https:\/\/facebook.com\/InternetSocietyCapituloChile","article_modified_time":"2026-01-02T20:29:55+00:00","og_image":[{"width":1035,"height":723,"url":"https:\/\/www.isoc.cl\/wp-content\/uploads\/2022\/05\/fondo_antena_azul.jpg","type":"image\/jpeg"}],"twitter_card":"summary_large_image","twitter_site":"@isoc_chile","twitter_misc":{"Tiempo estimado de lectura":"2 minutos"},"schema":{"@context":"https:\/\/schema.org","@graph":[{"@type":"WebPage","@id":"https:\/\/www.isoc.cl\/?page_id=5093","url":"https:\/\/www.isoc.cl\/?page_id=5093","name":"Plan de Acci\u00f3n &#8212; Internet Society Capitulo Chile \u00a9 2024","isPartOf":{"@id":"https:\/\/www.isoc.cl\/#website"},"primaryImageOfPage":{"@id":"https:\/\/www.isoc.cl\/?page_id=5093#primaryimage"},"image":{"@id":"https:\/\/www.isoc.cl\/?page_id=5093#primaryimage"},"thumbnailUrl":"https:\/\/www.isoc.cl\/wp-content\/uploads\/2022\/05\/fondo_antena_azul.jpg","datePublished":"2025-12-30T21:04:34+00:00","dateModified":"2026-01-02T20:29:55+00:00","breadcrumb":{"@id":"https:\/\/www.isoc.cl\/?page_id=5093#breadcrumb"},"inLanguage":"es-CL","potentialAction":[{"@type":"ReadAction","target":["https:\/\/www.isoc.cl\/?page_id=5093"]}]},{"@type":"ImageObject","inLanguage":"es-CL","@id":"https:\/\/www.isoc.cl\/?page_id=5093#primaryimage","url":"https:\/\/www.isoc.cl\/wp-content\/uploads\/2022\/05\/fondo_antena_azul.jpg","contentUrl":"https:\/\/www.isoc.cl\/wp-content\/uploads\/2022\/05\/fondo_antena_azul.jpg","width":1035,"height":723},{"@type":"BreadcrumbList","@id":"https:\/\/www.isoc.cl\/?page_id=5093#breadcrumb","itemListElement":[{"@type":"ListItem","position":1,"name":"Portada","item":"https:\/\/www.isoc.cl\/"},{"@type":"ListItem","position":2,"name":"Plan de Acci\u00f3n"}]},{"@type":"WebSite","@id":"https:\/\/www.isoc.cl\/#website","url":"https:\/\/www.isoc.cl\/","name":"Internet Society Capitulo Chile","description":"ISOC CHILE","publisher":{"@id":"https:\/\/www.isoc.cl\/#organization"},"alternateName":"ISOC Chile","potentialAction":[{"@type":"SearchAction","target":{"@type":"EntryPoint","urlTemplate":"https:\/\/www.isoc.cl\/?s={search_term_string}"},"query-input":{"@type":"PropertyValueSpecification","valueRequired":true,"valueName":"search_term_string"}}],"inLanguage":"es-CL"},{"@type":"Organization","@id":"https:\/\/www.isoc.cl\/#organization","name":"Internet Society Capitulo Chile","url":"https:\/\/www.isoc.cl\/","logo":{"@type":"ImageObject","inLanguage":"es-CL","@id":"https:\/\/www.isoc.cl\/#\/schema\/logo\/image\/","url":"https:\/\/www.isoc.cl\/wp-content\/uploads\/2022\/05\/cropped-faviconV2.png","contentUrl":"https:\/\/www.isoc.cl\/wp-content\/uploads\/2022\/05\/cropped-faviconV2.png","width":512,"height":512,"caption":"Internet Society Capitulo Chile"},"image":{"@id":"https:\/\/www.isoc.cl\/#\/schema\/logo\/image\/"},"sameAs":["https:\/\/facebook.com\/InternetSocietyCapituloChile","https:\/\/x.com\/isoc_chile","https:\/\/www.linkedin.com\/in\/internet-society-chile\/"]}]}},"_links":{"self":[{"href":"https:\/\/www.isoc.cl\/index.php?rest_route=\/wp\/v2\/pages\/5093","targetHints":{"allow":["GET"]}}],"collection":[{"href":"https:\/\/www.isoc.cl\/index.php?rest_route=\/wp\/v2\/pages"}],"about":[{"href":"https:\/\/www.isoc.cl\/index.php?rest_route=\/wp\/v2\/types\/page"}],"author":[{"embeddable":true,"href":"https:\/\/www.isoc.cl\/index.php?rest_route=\/wp\/v2\/users\/8"}],"replies":[{"embeddable":true,"href":"https:\/\/www.isoc.cl\/index.php?rest_route=%2Fwp%2Fv2%2Fcomments&post=5093"}],"version-history":[{"count":10,"href":"https:\/\/www.isoc.cl\/index.php?rest_route=\/wp\/v2\/pages\/5093\/revisions"}],"predecessor-version":[{"id":5152,"href":"https:\/\/www.isoc.cl\/index.php?rest_route=\/wp\/v2\/pages\/5093\/revisions\/5152"}],"wp:featuredmedia":[{"embeddable":true,"href":"https:\/\/www.isoc.cl\/index.php?rest_route=\/wp\/v2\/media\/4150"}],"wp:attachment":[{"href":"https:\/\/www.isoc.cl\/index.php?rest_route=%2Fwp%2Fv2%2Fmedia&parent=5093"}],"curies":[{"name":"wp","href":"https:\/\/api.w.org\/{rel}","templated":true}]}}