{"id":5086,"date":"2025-12-30T20:46:54","date_gmt":"2025-12-30T20:46:54","guid":{"rendered":"https:\/\/www.isoc.cl\/?page_id=5086"},"modified":"2026-01-05T13:23:25","modified_gmt":"2026-01-05T13:23:25","slug":"comite-de-comunicaciones","status":"publish","type":"page","link":"https:\/\/www.isoc.cl\/?page_id=5086","title":{"rendered":"Comit\u00e9 de Comunicaciones"},"content":{"rendered":"\n\n\n<div class=\"isoc-committee-layout\">\n    <div class=\"isoc-committee-icon-box\">\n<svg version=\"1.1\" viewBox=\"0 0 192 192\">\n                    <g transform=\"matrix(0.13333333,0,0,-0.13333333,0,192)\">\n                        <path d=\"m 1237.99,707.988 c -47.4,47.407 -110.22,75.992 -176.49,81.137 -11.6,0.898 -21.5,-8.395 -21.5,-20.027 v -40.106 c 0,-10.383 7.97,-18.894 18.3,-19.851 46.21,-4.286 89.97,-24.571 123.13,-57.715 39.46,-39.473 58.72,-103.274 50.24,-166.524 -4.76,-35.539 -22.98,-101.004 -92.25,-140.601 L 1000,260.641 v 51.621 l -23.215,8.187 c -21.101,7.461 -41.289,17.653 -58.972,31.379 -44.168,34.262 -69.25,81.613 -75.997,130.86 -1.355,9.91 -9.726,17.312 -19.738,17.312 h -40.293 c -11.875,0 -21.308,-10.312 -19.949,-22.109 5.156,-45.032 21.211,-89.11 48.398,-127.961 C 838.445,309.641 876.023,277.98 920,257.219 V 154.68 c 0,-15.551 16.965,-25.149 30.293,-17.149 L 1179.84,275.27 c 71.9,41.082 119.69,113.621 131.13,199.015 11.71,87.434 -16.25,176.985 -72.98,233.703\" style=\"fill:#0c1c2c;fill-opacity:1;fill-rule:nonzero;stroke:none\" \/>\n                        <path d=\"M 680,960 H 360 c -11.047,0 -20,8.953 -20,20 v 40 c 0,11.05 8.953,20 20,20 h 320 c 11.047,0 20,-8.95 20,-20 v -40 c 0,-11.047 -8.953,-20 -20,-20\" style=\"fill:#0c1c2c;fill-opacity:1;fill-rule:nonzero;stroke:none\" \/>\n                        <path d=\"M 680,800 H 360 c -11.047,0 -20,8.953 -20,20 v 40 c 0,11.047 8.953,20 20,20 h 320 c 11.047,0 20,-8.953 20,-20 v -40 c 0,-11.047 -8.953,-20 -20,-20\" style=\"fill:#0c1c2c;fill-opacity:1;fill-rule:nonzero;stroke:none\" \/>\n                        <path d=\"m 802.844,1202.85 c -56.504,56.5 -125.848,92.48 -198.719,108.04 -12.422,2.65 -24.125,-6.95 -24.125,-19.65 v -40.56 c 0,-9.26 6.176,-17.58 15.18,-19.74 55.41,-13.3 107.941,-41.51 151.097,-84.67 124.77,-124.76 124.77,-327.778 0,-452.54 -38.203,-38.203 -85.703,-66.257 -137.355,-81.14 L 580,604.246 V 420 L 293.344,694.102 c -42.953,43.101 -71.039,95.5 -84.297,150.761 C 206.895,853.844 198.605,860 189.363,860 h -40.601 c -12.703,0 -22.297,-11.703 -19.645,-24.125 15.551,-72.871 51.535,-142.215 108.035,-198.719 L 626.309,271.641 C 639.078,259.648 660,268.699 660,286.219 v 259.054 c 53.391,19.961 102.313,51.36 142.844,91.883 155.957,155.957 155.957,409.734 0,565.694\" style=\"fill:#0c1c2c;fill-opacity:1;fill-rule:nonzero;stroke:none\" \/>\n                        <path d=\"m 180.805,920 c 10.496,0 19.289,8.102 19.886,18.578 4.364,75.642 35.368,150.032 93.036,207.692 57.664,57.68 132.05,88.69 207.699,93.05 10.472,0.6 18.574,9.39 18.574,19.88 v 40.02 c 0,11.55 -9.742,20.64 -21.27,20.03 -95.23,-5.03 -188.996,-43.83 -261.578,-116.4 C 164.574,1130.27 125.777,1036.5 120.754,941.27 120.141,929.742 129.234,920 140.777,920 h 40.028\" style=\"fill:#3a82e4;fill-opacity:1;fill-rule:nonzero;stroke:none\" \/>\n                    <\/g>\n                <\/svg>\n        <\/div>\n\n    <div class=\"isoc-committee-text\">\n        <p>Da visibilidad al trabajo de ISOC Chile. Gestiona los canales de comunicaci\u00f3n, difunde actividades y posiciona los aportes t\u00e9cnicos y de pol\u00edticas p\u00fablicas del cap\u00edtulo, fortaleciendo el v\u00ednculo con la comunidad y actores externos.<\/p>\n    <\/div>\n<div>\n    <a href=\"mailto:comunicaciones@isoc.cl?subject=Inter\u00e9s%20Comit\u00e9%20Comunicaciones\" class=\"isoc-committee-cta\">\n        Participar en este Comit\u00e9\n    <\/a>\n<\/div>\n<\/div>\n","protected":false},"excerpt":{"rendered":"<p>Da visibilidad al trabajo de ISOC Chile. Gestiona los canales de comunicaci\u00f3n, difunde actividades y posiciona los aportes t\u00e9cnicos y de pol\u00edticas p\u00fablicas del cap\u00edtulo, fortaleciendo el v\u00ednculo con la comunidad y actores externos. Participar en este Comit\u00e9<\/p>\n","protected":false},"author":8,"featured_media":4150,"parent":4736,"menu_order":0,"comment_status":"closed","ping_status":"closed","template":"pagina-interna-isoc-2025","meta":{"footnotes":""},"class_list":["post-5086","page","type-page","status-publish","has-post-thumbnail","hentry"],"yoast_head":"<!-- This site is optimized with the Yoast SEO plugin v26.8 - https:\/\/yoast.com\/product\/yoast-seo-wordpress\/ -->\n<title>Comit\u00e9 de Comunicaciones &#8212; Internet Society Capitulo Chile \u00a9 2024<\/title>\n<meta name=\"robots\" content=\"index, follow, max-snippet:-1, max-image-preview:large, max-video-preview:-1\" \/>\n<link rel=\"canonical\" href=\"https:\/\/www.isoc.cl\/?page_id=5086\" \/>\n<meta property=\"og:locale\" content=\"es_ES\" \/>\n<meta property=\"og:type\" content=\"article\" \/>\n<meta property=\"og:title\" content=\"Comit\u00e9 de Comunicaciones &#8212; Internet Society Capitulo Chile \u00a9 2024\" \/>\n<meta property=\"og:description\" content=\"Da visibilidad al trabajo de ISOC Chile. Gestiona los canales de comunicaci\u00f3n, difunde actividades y posiciona los aportes t\u00e9cnicos y de pol\u00edticas p\u00fablicas del cap\u00edtulo, fortaleciendo el v\u00ednculo con la comunidad y actores externos. Participar en este Comit\u00e9\" \/>\n<meta property=\"og:url\" content=\"https:\/\/www.isoc.cl\/?page_id=5086\" \/>\n<meta property=\"og:site_name\" content=\"Internet Society Capitulo Chile \u00a9 2024\" \/>\n<meta property=\"article:publisher\" content=\"https:\/\/facebook.com\/InternetSocietyCapituloChile\" \/>\n<meta property=\"article:modified_time\" content=\"2026-01-05T13:23:25+00:00\" \/>\n<meta property=\"og:image\" content=\"https:\/\/www.isoc.cl\/wp-content\/uploads\/2023\/12\/Internet-2.png\" \/>\n\t<meta property=\"og:image:width\" content=\"1913\" \/>\n\t<meta property=\"og:image:height\" content=\"864\" \/>\n\t<meta property=\"og:image:type\" content=\"image\/png\" \/>\n<meta name=\"twitter:card\" content=\"summary_large_image\" \/>\n<meta name=\"twitter:site\" content=\"@isoc_chile\" \/>\n<meta name=\"twitter:label1\" content=\"Tiempo estimado de lectura\" \/>\n\t<meta name=\"twitter:data1\" content=\"1 minuto\" \/>\n<script type=\"application\/ld+json\" class=\"yoast-schema-graph\">{\"@context\":\"https:\/\/schema.org\",\"@graph\":[{\"@type\":\"WebPage\",\"@id\":\"https:\/\/www.isoc.cl\/?page_id=5086\",\"url\":\"https:\/\/www.isoc.cl\/?page_id=5086\",\"name\":\"Comit\u00e9 de Comunicaciones &#8212; Internet Society Capitulo Chile \u00a9 2024\",\"isPartOf\":{\"@id\":\"https:\/\/www.isoc.cl\/#website\"},\"primaryImageOfPage\":{\"@id\":\"https:\/\/www.isoc.cl\/?page_id=5086#primaryimage\"},\"image\":{\"@id\":\"https:\/\/www.isoc.cl\/?page_id=5086#primaryimage\"},\"thumbnailUrl\":\"https:\/\/www.isoc.cl\/wp-content\/uploads\/2022\/05\/fondo_antena_azul.jpg\",\"datePublished\":\"2025-12-30T20:46:54+00:00\",\"dateModified\":\"2026-01-05T13:23:25+00:00\",\"breadcrumb\":{\"@id\":\"https:\/\/www.isoc.cl\/?page_id=5086#breadcrumb\"},\"inLanguage\":\"es-CL\",\"potentialAction\":[{\"@type\":\"ReadAction\",\"target\":[\"https:\/\/www.isoc.cl\/?page_id=5086\"]}]},{\"@type\":\"ImageObject\",\"inLanguage\":\"es-CL\",\"@id\":\"https:\/\/www.isoc.cl\/?page_id=5086#primaryimage\",\"url\":\"https:\/\/www.isoc.cl\/wp-content\/uploads\/2022\/05\/fondo_antena_azul.jpg\",\"contentUrl\":\"https:\/\/www.isoc.cl\/wp-content\/uploads\/2022\/05\/fondo_antena_azul.jpg\",\"width\":1035,\"height\":723},{\"@type\":\"BreadcrumbList\",\"@id\":\"https:\/\/www.isoc.cl\/?page_id=5086#breadcrumb\",\"itemListElement\":[{\"@type\":\"ListItem\",\"position\":1,\"name\":\"Portada\",\"item\":\"https:\/\/www.isoc.cl\/\"},{\"@type\":\"ListItem\",\"position\":2,\"name\":\"Comit\u00e9s\",\"item\":\"https:\/\/www.isoc.cl\/?page_id=4736\"},{\"@type\":\"ListItem\",\"position\":3,\"name\":\"Comit\u00e9 de Comunicaciones\"}]},{\"@type\":\"WebSite\",\"@id\":\"https:\/\/www.isoc.cl\/#website\",\"url\":\"https:\/\/www.isoc.cl\/\",\"name\":\"Internet Society Capitulo Chile\",\"description\":\"ISOC CHILE\",\"publisher\":{\"@id\":\"https:\/\/www.isoc.cl\/#organization\"},\"alternateName\":\"ISOC Chile\",\"potentialAction\":[{\"@type\":\"SearchAction\",\"target\":{\"@type\":\"EntryPoint\",\"urlTemplate\":\"https:\/\/www.isoc.cl\/?s={search_term_string}\"},\"query-input\":{\"@type\":\"PropertyValueSpecification\",\"valueRequired\":true,\"valueName\":\"search_term_string\"}}],\"inLanguage\":\"es-CL\"},{\"@type\":\"Organization\",\"@id\":\"https:\/\/www.isoc.cl\/#organization\",\"name\":\"Internet Society Capitulo Chile\",\"url\":\"https:\/\/www.isoc.cl\/\",\"logo\":{\"@type\":\"ImageObject\",\"inLanguage\":\"es-CL\",\"@id\":\"https:\/\/www.isoc.cl\/#\/schema\/logo\/image\/\",\"url\":\"https:\/\/www.isoc.cl\/wp-content\/uploads\/2022\/05\/cropped-faviconV2.png\",\"contentUrl\":\"https:\/\/www.isoc.cl\/wp-content\/uploads\/2022\/05\/cropped-faviconV2.png\",\"width\":512,\"height\":512,\"caption\":\"Internet Society Capitulo Chile\"},\"image\":{\"@id\":\"https:\/\/www.isoc.cl\/#\/schema\/logo\/image\/\"},\"sameAs\":[\"https:\/\/facebook.com\/InternetSocietyCapituloChile\",\"https:\/\/x.com\/isoc_chile\",\"https:\/\/www.linkedin.com\/in\/internet-society-chile\/\"]}]}<\/script>\n<!-- \/ Yoast SEO plugin. -->","yoast_head_json":{"title":"Comit\u00e9 de Comunicaciones &#8212; Internet Society Capitulo Chile \u00a9 2024","robots":{"index":"index","follow":"follow","max-snippet":"max-snippet:-1","max-image-preview":"max-image-preview:large","max-video-preview":"max-video-preview:-1"},"canonical":"https:\/\/www.isoc.cl\/?page_id=5086","og_locale":"es_ES","og_type":"article","og_title":"Comit\u00e9 de Comunicaciones &#8212; Internet Society Capitulo Chile \u00a9 2024","og_description":"Da visibilidad al trabajo de ISOC Chile. Gestiona los canales de comunicaci\u00f3n, difunde actividades y posiciona los aportes t\u00e9cnicos y de pol\u00edticas p\u00fablicas del cap\u00edtulo, fortaleciendo el v\u00ednculo con la comunidad y actores externos. Participar en este Comit\u00e9","og_url":"https:\/\/www.isoc.cl\/?page_id=5086","og_site_name":"Internet Society Capitulo Chile \u00a9 2024","article_publisher":"https:\/\/facebook.com\/InternetSocietyCapituloChile","article_modified_time":"2026-01-05T13:23:25+00:00","og_image":[{"width":1913,"height":864,"url":"https:\/\/www.isoc.cl\/wp-content\/uploads\/2023\/12\/Internet-2.png","type":"image\/png"}],"twitter_card":"summary_large_image","twitter_site":"@isoc_chile","twitter_misc":{"Tiempo estimado de lectura":"1 minuto"},"schema":{"@context":"https:\/\/schema.org","@graph":[{"@type":"WebPage","@id":"https:\/\/www.isoc.cl\/?page_id=5086","url":"https:\/\/www.isoc.cl\/?page_id=5086","name":"Comit\u00e9 de Comunicaciones &#8212; Internet Society Capitulo Chile \u00a9 2024","isPartOf":{"@id":"https:\/\/www.isoc.cl\/#website"},"primaryImageOfPage":{"@id":"https:\/\/www.isoc.cl\/?page_id=5086#primaryimage"},"image":{"@id":"https:\/\/www.isoc.cl\/?page_id=5086#primaryimage"},"thumbnailUrl":"https:\/\/www.isoc.cl\/wp-content\/uploads\/2022\/05\/fondo_antena_azul.jpg","datePublished":"2025-12-30T20:46:54+00:00","dateModified":"2026-01-05T13:23:25+00:00","breadcrumb":{"@id":"https:\/\/www.isoc.cl\/?page_id=5086#breadcrumb"},"inLanguage":"es-CL","potentialAction":[{"@type":"ReadAction","target":["https:\/\/www.isoc.cl\/?page_id=5086"]}]},{"@type":"ImageObject","inLanguage":"es-CL","@id":"https:\/\/www.isoc.cl\/?page_id=5086#primaryimage","url":"https:\/\/www.isoc.cl\/wp-content\/uploads\/2022\/05\/fondo_antena_azul.jpg","contentUrl":"https:\/\/www.isoc.cl\/wp-content\/uploads\/2022\/05\/fondo_antena_azul.jpg","width":1035,"height":723},{"@type":"BreadcrumbList","@id":"https:\/\/www.isoc.cl\/?page_id=5086#breadcrumb","itemListElement":[{"@type":"ListItem","position":1,"name":"Portada","item":"https:\/\/www.isoc.cl\/"},{"@type":"ListItem","position":2,"name":"Comit\u00e9s","item":"https:\/\/www.isoc.cl\/?page_id=4736"},{"@type":"ListItem","position":3,"name":"Comit\u00e9 de Comunicaciones"}]},{"@type":"WebSite","@id":"https:\/\/www.isoc.cl\/#website","url":"https:\/\/www.isoc.cl\/","name":"Internet Society Capitulo Chile","description":"ISOC CHILE","publisher":{"@id":"https:\/\/www.isoc.cl\/#organization"},"alternateName":"ISOC Chile","potentialAction":[{"@type":"SearchAction","target":{"@type":"EntryPoint","urlTemplate":"https:\/\/www.isoc.cl\/?s={search_term_string}"},"query-input":{"@type":"PropertyValueSpecification","valueRequired":true,"valueName":"search_term_string"}}],"inLanguage":"es-CL"},{"@type":"Organization","@id":"https:\/\/www.isoc.cl\/#organization","name":"Internet Society Capitulo Chile","url":"https:\/\/www.isoc.cl\/","logo":{"@type":"ImageObject","inLanguage":"es-CL","@id":"https:\/\/www.isoc.cl\/#\/schema\/logo\/image\/","url":"https:\/\/www.isoc.cl\/wp-content\/uploads\/2022\/05\/cropped-faviconV2.png","contentUrl":"https:\/\/www.isoc.cl\/wp-content\/uploads\/2022\/05\/cropped-faviconV2.png","width":512,"height":512,"caption":"Internet Society Capitulo Chile"},"image":{"@id":"https:\/\/www.isoc.cl\/#\/schema\/logo\/image\/"},"sameAs":["https:\/\/facebook.com\/InternetSocietyCapituloChile","https:\/\/x.com\/isoc_chile","https:\/\/www.linkedin.com\/in\/internet-society-chile\/"]}]}},"_links":{"self":[{"href":"https:\/\/www.isoc.cl\/index.php?rest_route=\/wp\/v2\/pages\/5086","targetHints":{"allow":["GET"]}}],"collection":[{"href":"https:\/\/www.isoc.cl\/index.php?rest_route=\/wp\/v2\/pages"}],"about":[{"href":"https:\/\/www.isoc.cl\/index.php?rest_route=\/wp\/v2\/types\/page"}],"author":[{"embeddable":true,"href":"https:\/\/www.isoc.cl\/index.php?rest_route=\/wp\/v2\/users\/8"}],"replies":[{"embeddable":true,"href":"https:\/\/www.isoc.cl\/index.php?rest_route=%2Fwp%2Fv2%2Fcomments&post=5086"}],"version-history":[{"count":6,"href":"https:\/\/www.isoc.cl\/index.php?rest_route=\/wp\/v2\/pages\/5086\/revisions"}],"predecessor-version":[{"id":5459,"href":"https:\/\/www.isoc.cl\/index.php?rest_route=\/wp\/v2\/pages\/5086\/revisions\/5459"}],"up":[{"embeddable":true,"href":"https:\/\/www.isoc.cl\/index.php?rest_route=\/wp\/v2\/pages\/4736"}],"wp:featuredmedia":[{"embeddable":true,"href":"https:\/\/www.isoc.cl\/index.php?rest_route=\/wp\/v2\/media\/4150"}],"wp:attachment":[{"href":"https:\/\/www.isoc.cl\/index.php?rest_route=%2Fwp%2Fv2%2Fmedia&parent=5086"}],"curies":[{"name":"wp","href":"https:\/\/api.w.org\/{rel}","templated":true}]}}